 is the remainder when 8755 is divided by 219?
214
What is the remainder when 491 is divided by 76?
35
Calculate the remainder when 989 is divided by 947.
42
Calculate the remainder when 146645 is divided by 35.
30
What is the remainder when 46211 is divided by 13?
9
Calculate the remainder when 9530 is divided by 381.
5
Calculate the remainder when 7919 is divided by 48.
47
What is the remainder when 384 is divided by 265?
119
What is the remainder when 55486 is divided by 4623?
10
Calculate the remainder when 2509 is divided by 4.
1
What is the remainder when 540060 is divided by 30?
0
Calculate the remainder when 21129 is divided by 6.
3
Calculate the remainder when 281199 is divided by 400.
399
What is the remainder when 242943 is divided by 2927?
2
Calculate the remainder when 5518 is divided by 1773.
199
What is the remainder when 72413 is divided by 510?
503
What is the remainder when 3170 is divided by 103?
80
What is the remainder when 5081 is divided by 422?
17
Calculate the remainder when 6709 is divided by 87.
10
What is the remainder when 23107 is divided by 50?
7
Calculate the remainder when 201735 is divided by 216.
207
What is the remainder when 36854 is divided by 3070?
14
Calculate the remainder when 69912 is divided by 1146.
6
What is the remainder when 6705 is divided by 192?
177
Calculate the remainder when 36964 is divided by 96.
4
Calculate the remainder when 58580 is divided by 24.
20
Calculate the remainder when 13522 is divided by 466.
8
What is the remainder when 1122 is divided by 246?
138
What is the remainder when 5899 is divided by 533?
36
Calculate the remainder when 173 is divided by 114.
59
What is the remainder when 12838 is divided by 212?
118
Calculate the remainder when 7782 is divided by 35.
12
Calculate the remainder when 2844 is divided by 823.
375
Calculate the remainder when 42828 is divided by 24.
12
Calculate the remainder when 13742 is divided by 328.
294
Calculate the remainder when 9727 is divided by 174.
157
What is the remainder when 6425 is divided by 6216?
209
Calculate the remainder when 9142 is divided by 2252.
134
What is the remainder when 2951 is divided by 1467?
17
What is the remainder when 29718 is divided by 9904?
6
What is the remainder when 691 is divided by 11?
9
Calculate the remainder when 3765 is divided by 246.
75
What is the remainder when 162426 is divided by 658?
558
What is the remainder when 2187 is divided by 95?
2
Calculate the remainder when 81261 is divided by 16.
13
What is the remainder when 33393 is divided by 585?
48
Calculate the remainder when 2046 is divided by 2036.
10
Calculate the remainder when 266718 is divided by 8.
6
Calculate the remainder when 6718 is divided by 6.
4
What is the remainder when 16919 is divided by 18?
17
What is the remainder when 174073 is divided by 825?
823
What is the remainder when 737481 is divided by 604?
601
Calculate the remainder when 46853 is divided by 91.
79
What is the remainder when 33224 is divided by 33203?
21
What is the remainder when 57784 is divided by 127?
126
Calculate the remainder when 3582 is divided by 1165.
87
Calculate the remainder when 1415 is divided by 222.
83
Calculate the remainder when 160514 is divided by 508.
494
What is the remainder when 2023305 is divided by 651?
648
What is the remainder when 23063 is divided by 1540?
1503
Calculate the remainder when 67990 is divided by 89.
83
What is the remainder when 451353 is divided by 219?
213
Calculate the remainder when 51803 is divided by 26.
11
What is the remainder when 430 is divided by 365?
65
Calculate the remainder when 3232 is divided by 1904.
1328
What is the remainder when 1310 is divided by 127?
40
What is the remainder when 480 is divided by 13?
12
What is the remainder when 1054 is divided by 386?
282
What is the remainder when 22365 is divided by 1015?
35
What is the remainder when 27799 is divided by 361?
2
Calculate the remainder when 6174335 is divided by 48.
47
Calculate the remainder when 1588183 is divided by 438.
433
What is the remainder when 49583 is divided by 953?
27
What is the remainder when 2213 is divided by 471?
329
What is the remainder when 7074573 is divided by 219?
216
What is the remainder when 8345 is divided by 4169?
7
What is the remainder when 1289 is divided by 18?
11
What is the remainder when 64122 is divided by 228?
54
Calculate the remainder when 1788 is divided by 217.
52
What is the remainder when 82073 is divided by 368?
9
Calculate the remainder when 7713 is divided by 862.
817
Calculate the remainder when 95913 is divided by 755.
28
Calculate the remainder when 6936 is divided by 433.
8
What is the remainder when 17533 is divided by 44?
21
Calculate the remainder when 47077 is divided by 9413.
12
Calculate the remainder when 5672 is divided by 1344.
296
What is the remainder when 72761 is divided by 1548?
5
Calculate the remainder when 5545 is divided by 21.
1
Calculate the remainder when 93368 is divided by 2456.
40
Calculate the remainder when 89180 is divided by 1351.
14
Calculate the remainder when 19538 is divided by 634.
518
Calculate the remainder when 3330 is divided by 1109.
3
What is the remainder when 370700 is divided by 9?
8
Calculate the remainder when 129627 is divided by 2946.
3
What is the remainder when 3841 is divided by 48?
1
What is the remainder when 12647 is divided by 1574?
55
Calculate the remainder when 2613 is divided by 530.
493
What is the remainder when 6320 is divided by 183?
98
Calculate the remainder when 7919 is divided by 74.
1
What is the remainder when 14670 is divided by 7323?
24
Calculate the remainder when 208846 is divided by 229.
227
What is the remainder when 8819 is divided by 1752?
59
Calculate the remainder when 33245 is divided by 8309.
9
Calculate the remainder when 139676 is divided by 77.
75
Calculate the remainder when 6574 is divided by 125.
74
What is the remainder when 29418 is divided by 48?
42
Calculate the remainder when 1154 is divided by 366.
56
Calculate the remainder when 11492 is divided by 3830.
2
Calculate the remainder when 8512 is divided by 770.
42
Calculate the remainder when 44462 is divided by 260.
2
Calculate the remainder when 159 is divided by 3.
0
What is the remainder when 143615 is divided by 33?
32
Calculate the remainder when 401082 is divided by 80215.
7
Calculate the remainder when 1318 is divided by 76.
26
Calculate the remainder when 20410 is divided by 53.
5
What is the remainder when 1117 is divided by 317?
166
Calculate the remainder when 266968 is divided by 48.
40
What is the remainder when 9179 is divided by 320?
219
What is the remainder when 1636 is divided by 555?
526
What is the remainder when 1945657 is divided by 255?
7
Calculate the remainder when 116687 is divided by 5834.
7
Calculate the remainder when 1990 is divided by 955.
80
Calculate the remainder when 18568 is divided by 260.
108
What is the remainder when 18301 is divided by 3048?
13
What is the remainder when 2367 is divided by 6?
3
What is the remainder when 15216 is divided by 548?
420
Calculate the remainder when 208203 is divided by 973.
954
Calculate the remainder when 5721 is divided by 19.
2
Calculate the remainder when 1911 is divided by 97.
68
What is the remainder when 19944 is divided by 2042?
1566
Calculate the remainder when 264122 is divided by 69.
59
Calculate the remainder when 15267 is divided by 4973.
348
What is the remainder when 45072 is divided by 4436?
712
Calculate the remainder when 69306 is divided by 7.
6
Calculate the remainder when 2066 is divided by 449.
270
What is the remainder when 24091 is divided by 574?
557
Calculate the remainder when 267 is divided by 17.
12
What is the remainder when 125703 is divided by 219?
216
Calculate the remainder when 289 is divided by 132.
25
Calculate the remainder when 34708 is divided by 631.
3
Calculate the remainder when 3899 is divided by 383.
69
Calculate the remainder when 10277 is divided by 5136.
5
Calculate the remainder when 2126 is divided by 422.
16
Calculate the remainder when 48587 is divided by 16192.
11
Calculate the remainder when 80931 is divided by 1226.
15
Calculate the remainder when 18542 is divided by 452.
10
What is the remainder when 2789 is divided by 1377?